{"id":590,"date":"2025-09-04T21:53:27","date_gmt":"2025-09-04T21:53:27","guid":{"rendered":"https:\/\/primeasansorkiralama.com\/?page_id=590"},"modified":"2025-09-04T22:04:57","modified_gmt":"2025-09-04T22:04:57","slug":"manisa-kiralik-asansor","status":"publish","type":"page","link":"https:\/\/primeasansorkiralama.com\/index.php\/manisa-kiralik-asansor\/","title":{"rendered":"MAN\u0130SA K\u0130RALIK ASANS\u00d6R"},"content":{"rendered":"<h2 data-start=\"367\" data-end=\"443\"><strong data-start=\"370\" data-end=\"443\">Manisa\u2019da G\u00fcvenli ve H\u0131zl\u0131 Ta\u015f\u0131mac\u0131l\u0131k \u0130\u00e7in Kiral\u0131k Asans\u00f6r \u00c7\u00f6z\u00fcmleri<\/strong><\/h2>\n<p data-start=\"445\" data-end=\"862\">Ta\u015f\u0131nmak \u00e7o\u011fu zaman stresli ve yorucu bir s\u00fcre\u00e7tir. \u00d6zellikle y\u00fcksek katl\u0131 binalarda oturuyorsan\u0131z, e\u015fyalar\u0131n zarar g\u00f6rmeden indirilip ta\u015f\u0131nmas\u0131 b\u00fcy\u00fck bir problem haline gelebilir. \u0130\u015fte tam da bu noktada, <strong data-start=\"650\" data-end=\"676\">Manisa kiral\u0131k asans\u00f6r<\/strong> hizmeti ile sizlere profesyonel \u00e7\u00f6z\u00fcmler sunuyoruz. <strong data-start=\"729\" data-end=\"754\">Prime Kiral\u0131k Asans\u00f6r<\/strong>, modern ekipmanlar\u0131 ve deneyimli kadrosuyla ta\u015f\u0131nma s\u00fcre\u00e7lerinizi hem kolayla\u015ft\u0131r\u0131yor hem de h\u0131zland\u0131r\u0131yor.<\/p>\n<figure id=\"attachment_591\" aria-describedby=\"caption-attachment-591\" style=\"width: 720px\" class=\"wp-caption alignnone\"><img loading=\"lazy\" decoding=\"async\" class=\"wp-image-591 size-large\" src=\"https:\/\/primeasansorkiralama.com\/wp-content\/uploads\/2025\/09\/manisa-kiralik-asansor-1024x577.webp\" alt=\"manisa kiral\u0131k asans\u00f6r\" width=\"720\" height=\"406\" srcset=\"https:\/\/primeasansorkiralama.com\/wp-content\/uploads\/2025\/09\/manisa-kiralik-asansor-1024x577.webp 1024w, https:\/\/primeasansorkiralama.com\/wp-content\/uploads\/2025\/09\/manisa-kiralik-asansor-300x169.webp 300w, https:\/\/primeasansorkiralama.com\/wp-content\/uploads\/2025\/09\/manisa-kiralik-asansor-768x433.webp 768w, https:\/\/primeasansorkiralama.com\/wp-content\/uploads\/2025\/09\/manisa-kiralik-asansor-1536x865.webp 1536w, https:\/\/primeasansorkiralama.com\/wp-content\/uploads\/2025\/09\/manisa-kiralik-asansor.webp 1640w\" sizes=\"auto, (max-width: 720px) 100vw, 720px\" \/><figcaption id=\"caption-attachment-591\" class=\"wp-caption-text\">manisa kiral\u0131k asans\u00f6r<\/figcaption><\/figure>\n<h2 data-start=\"869\" data-end=\"921\"><strong data-start=\"872\" data-end=\"921\">Neden Mobil Asans\u00f6r Kiralama Tercih Edilmeli?<\/strong><\/h2>\n<p data-start=\"923\" data-end=\"1265\">Geleneksel y\u00f6ntemlerle yap\u0131lan ta\u015f\u0131ma i\u015flemlerinde e\u015fyalar\u0131n\u0131z zarar g\u00f6rebilir, bina merdivenleri ve duvarlar\u0131 hasar alabilir. <strong data-start=\"1050\" data-end=\"1075\">Mobil kiral\u0131k asans\u00f6r<\/strong>, bu t\u00fcr riskleri ortadan kald\u0131ran modern bir \u00e7\u00f6z\u00fcmd\u00fcr. \u00d6zellikle dar merdivenli binalarda ve y\u00fcksek katlarda <strong data-start=\"1185\" data-end=\"1212\">kiral\u0131k asans\u00f6r hizmeti<\/strong> zamandan, i\u015f g\u00fcc\u00fcnden ve maliyetten tasarruf sa\u011flar.<\/p>\n<h2 data-start=\"1272\" data-end=\"1317\"><strong data-start=\"1275\" data-end=\"1317\">Prime Kiral\u0131k Asans\u00f6r ile Fark Yarat\u0131n<\/strong><\/h2>\n<p data-start=\"1319\" data-end=\"1540\"><strong data-start=\"1319\" data-end=\"1344\">Prime Kiral\u0131k Asans\u00f6r<\/strong>, Manisa\u2019da faaliyet g\u00f6steren \u00f6nc\u00fc firmalardan biridir. M\u00fc\u015fteri memnuniyetini \u00f6n planda tutan anlay\u0131\u015f\u0131m\u0131zla, sizlere g\u00fcvenilir, h\u0131zl\u0131 ve uygun fiyatl\u0131 <strong data-start=\"1495\" data-end=\"1521\">mobil asans\u00f6r kiralama<\/strong> hizmeti sunuyoruz.<\/p>\n<h3 data-start=\"1542\" data-end=\"1576\">Neden bizi tercih etmelisiniz?<\/h3>\n<ul data-start=\"1578\" data-end=\"1807\">\n<li data-start=\"1578\" data-end=\"1617\">\n<p data-start=\"1580\" data-end=\"1617\"><strong data-start=\"1580\" data-end=\"1615\">Profesyonel ekip ve operat\u00f6rler<\/strong><\/p>\n<\/li>\n<li data-start=\"1618\" data-end=\"1673\">\n<p data-start=\"1620\" data-end=\"1673\"><strong data-start=\"1620\" data-end=\"1671\">Bak\u0131ml\u0131 ve son teknoloji mobil asans\u00f6r ara\u00e7lar\u0131<\/strong><\/p>\n<\/li>\n<li data-start=\"1674\" data-end=\"1706\">\n<p data-start=\"1676\" data-end=\"1706\"><strong data-start=\"1676\" data-end=\"1704\">7\/24 ula\u015f\u0131labilir hizmet<\/strong><\/p>\n<\/li>\n<li data-start=\"1707\" data-end=\"1754\">\n<p data-start=\"1709\" data-end=\"1754\"><strong data-start=\"1709\" data-end=\"1752\">Manisa ve \u00e7evresine h\u0131zl\u0131 servis imk\u00e2n\u0131<\/strong><\/p>\n<\/li>\n<li data-start=\"1755\" data-end=\"1807\">\n<p data-start=\"1757\" data-end=\"1807\">Uygun fiyat garantisi ve esnek \u00f6deme se\u00e7enekleri<\/p>\n<\/li>\n<\/ul>\n<h2 data-start=\"1814\" data-end=\"1854\"><strong data-start=\"1817\" data-end=\"1854\">Hangi Alanlarda Hizmet Veriyoruz?<\/strong><\/h2>\n<h3 data-start=\"1856\" data-end=\"1888\">1. <strong data-start=\"1863\" data-end=\"1888\">Evden Eve Ta\u015f\u0131mac\u0131l\u0131k<\/strong><\/h3>\n<p data-start=\"1889\" data-end=\"2063\">Ta\u015f\u0131nma s\u0131ras\u0131nda e\u015fyalar\u0131n\u0131z\u0131n zarar g\u00f6rmemesi i\u00e7in en ideal \u00e7\u00f6z\u00fcm <strong data-start=\"1957\" data-end=\"1983\">manisa kiral\u0131k asans\u00f6r<\/strong> sistemleridir. E\u015fyalar, balkon veya pencere arac\u0131l\u0131\u011f\u0131yla direkt olarak ta\u015f\u0131n\u0131r.<\/p>\n<h3 data-start=\"2065\" data-end=\"2104\">2. <strong data-start=\"2072\" data-end=\"2104\">Ofis ve Kurumsal Ta\u015f\u0131mac\u0131l\u0131k<\/strong><\/h3>\n<p data-start=\"2105\" data-end=\"2260\">Kurumsal ta\u015f\u0131nmalarda zaman kayb\u0131, i\u015f g\u00fcc\u00fc kayb\u0131na neden olabilir. <strong data-start=\"2172\" data-end=\"2197\">Prime Kiral\u0131k Asans\u00f6r<\/strong>, ofis ta\u015f\u0131malar\u0131n\u0131zda size h\u0131zl\u0131 ve g\u00fcvenilir bir \u00e7\u00f6z\u00fcm sunar.<\/p>\n<h3 data-start=\"2262\" data-end=\"2301\">3. <strong data-start=\"2269\" data-end=\"2301\">\u0130n\u015faat ve \u015eantiye Ta\u015f\u0131malar\u0131<\/strong><\/h3>\n<p data-start=\"2302\" data-end=\"2448\">\u0130n\u015faat malzemelerinin katlara ula\u015ft\u0131r\u0131lmas\u0131nda <strong data-start=\"2349\" data-end=\"2366\">mobil asans\u00f6r<\/strong> kullanmak i\u015finizi kolayla\u015ft\u0131r\u0131r. A\u011f\u0131r y\u00fckleri h\u0131zl\u0131 ve g\u00fcvenli \u015fekilde ta\u015f\u0131yoruz.<\/p>\n<h3 data-start=\"2450\" data-end=\"2482\">4. <strong data-start=\"2457\" data-end=\"2482\">Y\u00fck Asans\u00f6r\u00fc Kiralama<\/strong><\/h3>\n<p data-start=\"2483\" data-end=\"2636\">Ev, ofis veya \u015fantiye fark etmeksizin a\u011f\u0131r y\u00fcklerin g\u00fcvenli \u015fekilde katlara \u00e7\u0131kar\u0131lmas\u0131 i\u00e7in <strong data-start=\"2576\" data-end=\"2601\">y\u00fck asans\u00f6r\u00fc kiralama<\/strong> hizmetimizden yararlanabilirsiniz.<\/p>\n<h2 data-start=\"2643\" data-end=\"2669\"><strong data-start=\"2646\" data-end=\"2669\">Hizmet B\u00f6lgelerimiz<\/strong><\/h2>\n<p data-start=\"2671\" data-end=\"2816\"><strong data-start=\"2671\" data-end=\"2696\">Prime Kiral\u0131k Asans\u00f6r<\/strong>, yaln\u0131zca Manisa merkezde de\u011fil, ayn\u0131 zamanda \u00e7evre il\u00e7elerde de hizmet sunmaktad\u0131r.<br data-start=\"2781\" data-end=\"2784\" \/>Hizmet verdi\u011fimiz baz\u0131 b\u00f6lgeler:<\/p>\n<ul data-start=\"2818\" data-end=\"2919\">\n<li data-start=\"2818\" data-end=\"2830\">\n<p data-start=\"2820\" data-end=\"2830\">Turgutlu<\/p>\n<\/li>\n<li data-start=\"2831\" data-end=\"2842\">\n<p data-start=\"2833\" data-end=\"2842\">Salihli<\/p>\n<\/li>\n<li data-start=\"2843\" data-end=\"2854\">\n<p data-start=\"2845\" data-end=\"2854\">Akhisar<\/p>\n<\/li>\n<li data-start=\"2855\" data-end=\"2867\">\n<p data-start=\"2857\" data-end=\"2867\">Ala\u015fehir<\/p>\n<\/li>\n<li data-start=\"2868\" data-end=\"2876\">\n<p data-start=\"2870\" data-end=\"2876\">Kula<\/p>\n<\/li>\n<li data-start=\"2877\" data-end=\"2890\">\n<p data-start=\"2879\" data-end=\"2890\">Saruhanl\u0131<\/p>\n<\/li>\n<li data-start=\"2891\" data-end=\"2905\">\n<p data-start=\"2893\" data-end=\"2905\">\u015eehzadeler<\/p>\n<\/li>\n<li data-start=\"2906\" data-end=\"2919\">\n<p data-start=\"2908\" data-end=\"2919\">Yunusemre<\/p>\n<\/li>\n<\/ul>\n<p data-start=\"2921\" data-end=\"3009\">\u0130htiyac\u0131n\u0131z olan her noktaya h\u0131zl\u0131 ve g\u00fcvenli <strong data-start=\"2967\" data-end=\"2986\">kiral\u0131k asans\u00f6r<\/strong> hizmeti ula\u015ft\u0131r\u0131yoruz.<\/p>\n<h2 data-start=\"3016\" data-end=\"3055\"><strong data-start=\"3019\" data-end=\"3055\">Manisa Kiral\u0131k Asans\u00f6r Fiyatlar\u0131<\/strong><\/h2>\n<p data-start=\"3057\" data-end=\"3283\">Hizmet kalitemiz kadar fiyat politikam\u0131zla da iddial\u0131y\u0131z. <strong data-start=\"3115\" data-end=\"3151\">Manisa kiral\u0131k asans\u00f6r fiyatlar\u0131<\/strong>, ta\u015f\u0131nacak kat say\u0131s\u0131, e\u015fya miktar\u0131 ve konuma g\u00f6re de\u011fi\u015fiklik g\u00f6sterebilir. Ancak her zaman ekonomik \u00e7\u00f6z\u00fcmler sunmay\u0131 ilke edindik.<\/p>\n<p data-start=\"3285\" data-end=\"3476\">\u00dccretsiz ke\u015fif hizmetimizle, ta\u015f\u0131nma \u00f6ncesinde adresinize gelerek en uygun fiyat teklifini sunuyoruz. S\u00fcrpriz maliyetlerle kar\u015f\u0131la\u015fmadan, \u015feffaf ve net bir fiyatland\u0131rma politikas\u0131 izliyoruz.<\/p>\n<h2 data-start=\"3483\" data-end=\"3523\"><strong data-start=\"3486\" data-end=\"3523\">Nas\u0131l Rezervasyon Yapabilirsiniz?<\/strong><\/h2>\n<p data-start=\"3525\" data-end=\"3686\"><strong data-start=\"3525\" data-end=\"3550\">Prime Kiral\u0131k Asans\u00f6r<\/strong> ile \u00e7al\u0131\u015fmak \u00e7ok kolay!<br data-start=\"3574\" data-end=\"3577\" \/>Bize ula\u015fman\u0131z yeterli. A\u015fa\u011f\u0131daki ad\u0131mlar\u0131 takip ederek dakikalar i\u00e7inde rezervasyonunuzu olu\u015fturabilirsiniz:<\/p>\n<ol data-start=\"3688\" data-end=\"3921\">\n<li data-start=\"3688\" data-end=\"3745\">\n<p data-start=\"3691\" data-end=\"3745\">Web sitemizden veya telefon numaram\u0131zdan bize ula\u015f\u0131n<\/p>\n<\/li>\n<li data-start=\"3746\" data-end=\"3779\">\n<p data-start=\"3749\" data-end=\"3779\">Ta\u015f\u0131nma detaylar\u0131n\u0131 payla\u015f\u0131n<\/p>\n<\/li>\n<li data-start=\"3780\" data-end=\"3824\">\n<p data-start=\"3783\" data-end=\"3824\">\u00dccretsiz ke\u015fif hizmetimizden yararlan\u0131n<\/p>\n<\/li>\n<li data-start=\"3825\" data-end=\"3871\">\n<p data-start=\"3828\" data-end=\"3871\">Size \u00f6zel fiyat teklifimizi de\u011ferlendirin<\/p>\n<\/li>\n<li data-start=\"3872\" data-end=\"3921\">\n<p data-start=\"3875\" data-end=\"3921\">Gerekli tarihte asans\u00f6r\u00fcm\u00fcz adresinizde olsun!<\/p>\n<\/li>\n<\/ol>\n<p data-start=\"3923\" data-end=\"3976\">\u0130leti\u015fim Numaram\u0131z: <a href=\"tel:05315641079\">0531 564 10 79<\/a><br data-start=\"4358\" data-end=\"4361\" \/>Web Sitemiz: <a class=\"decorated-link cursor-pointer\" href=\"http:\/\/www.primeasansorkiralama.com\" target=\"_new\" rel=\"noopener\" data-start=\"4374\" data-end=\"4401\">www.primeasansorkiralama.com<\/a><\/p>\n<h2 data-start=\"3983\" data-end=\"4022\"><strong data-start=\"3986\" data-end=\"4022\">M\u00fc\u015fteri Yorumlar\u0131 ve Memnuniyeti<\/strong><\/h2>\n<p data-start=\"4024\" data-end=\"4295\">Hizmet kalitemizin en iyi referans\u0131 m\u00fc\u015fterilerimizdir. Manisa genelinde y\u00fczlerce mutlu m\u00fc\u015fteriye hizmet verdik ve her ge\u00e7en g\u00fcn b\u00fcy\u00fcyen m\u00fc\u015fteri portf\u00f6y\u00fcm\u00fczle gurur duyuyoruz. Siz de e\u015fyalar\u0131n\u0131z\u0131 g\u00fcvenle ta\u015f\u0131mak istiyorsan\u0131z, <strong data-start=\"4249\" data-end=\"4274\">Prime Kiral\u0131k Asans\u00f6r<\/strong> olarak yan\u0131n\u0131zday\u0131z.<\/p>\n<h2 data-start=\"4686\" data-end=\"4743\"><strong data-start=\"4689\" data-end=\"4743\">Kolay, H\u0131zl\u0131, G\u00fcvenli Ta\u015f\u0131nma Art\u0131k M\u00fcmk\u00fcn!<\/strong><\/h2>\n<p data-start=\"4745\" data-end=\"4972\">Ta\u015f\u0131nma s\u00fcre\u00e7lerini dert etmeyin! <strong data-start=\"4779\" data-end=\"4804\">Prime Kiral\u0131k Asans\u00f6r<\/strong>, sizlere en uygun fiyata, en g\u00fcvenli ve h\u0131zl\u0131 <strong data-start=\"4851\" data-end=\"4877\">mobil asans\u00f6r kiralama<\/strong> hizmetini sunar.<br data-start=\"4894\" data-end=\"4897\" \/><strong data-start=\"4897\" data-end=\"4923\">Manisa kiral\u0131k asans\u00f6r<\/strong> ihtiya\u00e7lar\u0131n\u0131zda tek bir telefonla yan\u0131n\u0131zday\u0131z.<\/p>\n<p data-start=\"4974\" data-end=\"5013\"><strong data-start=\"4974\" data-end=\"5013\">Biz ta\u015f\u0131yal\u0131m, siz keyfini \u00e7\u0131kar\u0131n!<\/strong><\/p>\n","protected":false},"excerpt":{"rendered":"<p>Manisa\u2019da G\u00fcvenli ve H\u0131zl\u0131 Ta\u015f\u0131mac\u0131l\u0131k \u0130\u00e7in Kiral\u0131k Asans\u00f6r \u00c7\u00f6z\u00fcmleri Ta\u015f\u0131nmak \u00e7o\u011fu zaman stresli ve yorucu bir s\u00fcre\u00e7tir. \u00d6zellikle y\u00fcksek katl\u0131 binalarda oturuyorsan\u0131z, e\u015fyalar\u0131n zarar g\u00f6rmeden indirilip ta\u015f\u0131nmas\u0131 b\u00fcy\u00fck bir problem haline gelebilir. \u0130\u015fte tam da bu noktada, Manisa kiral\u0131k asans\u00f6r<\/p>\n","protected":false},"author":1,"featured_media":592,"parent":0,"menu_order":0,"comment_status":"closed","ping_status":"closed","template":"","meta":{"footnotes":""},"class_list":["post-590","page","type-page","status-publish","has-post-thumbnail","hentry"],"yoast_head":"<!-- This site is optimized with the Yoast SEO plugin v25.8 - https:\/\/yoast.com\/wordpress\/plugins\/seo\/ -->\n<title>MAN\u0130SA K\u0130RALIK ASANS\u00d6R - Manisa Prime Kiral\u0131k Asans\u00f6r<\/title>\n<meta name=\"robots\" content=\"index, follow, max-snippet:-1, max-image-preview:large, max-video-preview:-1\" \/>\n<link rel=\"canonical\" href=\"https:\/\/primeasansorkiralama.com\/index.php\/manisa-kiralik-asansor\/\" \/>\n<meta property=\"og:locale\" content=\"tr_TR\" \/>\n<meta property=\"og:type\" content=\"article\" \/>\n<meta property=\"og:title\" content=\"MAN\u0130SA K\u0130RALIK ASANS\u00d6R - Manisa Prime Kiral\u0131k Asans\u00f6r\" \/>\n<meta property=\"og:description\" content=\"Manisa\u2019da G\u00fcvenli ve H\u0131zl\u0131 Ta\u015f\u0131mac\u0131l\u0131k \u0130\u00e7in Kiral\u0131k Asans\u00f6r \u00c7\u00f6z\u00fcmleri Ta\u015f\u0131nmak \u00e7o\u011fu zaman stresli ve yorucu bir s\u00fcre\u00e7tir. \u00d6zellikle y\u00fcksek katl\u0131 binalarda oturuyorsan\u0131z, e\u015fyalar\u0131n zarar g\u00f6rmeden indirilip ta\u015f\u0131nmas\u0131 b\u00fcy\u00fck bir problem haline gelebilir. \u0130\u015fte tam da bu noktada, Manisa kiral\u0131k asans\u00f6r\" \/>\n<meta property=\"og:url\" content=\"https:\/\/primeasansorkiralama.com\/index.php\/manisa-kiralik-asansor\/\" \/>\n<meta property=\"og:site_name\" content=\"Manisa Prime Kiral\u0131k Asans\u00f6r\" \/>\n<meta property=\"article:modified_time\" content=\"2025-09-04T22:04:57+00:00\" \/>\n<meta property=\"og:image\" content=\"https:\/\/primeasansorkiralama.com\/wp-content\/uploads\/2025\/09\/1.png\" \/>\n\t<meta property=\"og:image:width\" content=\"600\" \/>\n\t<meta property=\"og:image:height\" content=\"330\" \/>\n\t<meta property=\"og:image:type\" content=\"image\/png\" \/>\n<meta name=\"twitter:card\" content=\"summary_large_image\" \/>\n<meta name=\"twitter:label1\" content=\"Tahmini okuma s\u00fcresi\" \/>\n\t<meta name=\"twitter:data1\" content=\"4 dakika\" \/>\n<script type=\"application\/ld+json\" class=\"yoast-schema-graph\">{\"@context\":\"https:\/\/schema.org\",\"@graph\":[{\"@type\":\"WebPage\",\"@id\":\"https:\/\/primeasansorkiralama.com\/index.php\/manisa-kiralik-asansor\/\",\"url\":\"https:\/\/primeasansorkiralama.com\/index.php\/manisa-kiralik-asansor\/\",\"name\":\"MAN\u0130SA K\u0130RALIK ASANS\u00d6R - Manisa Prime Kiral\u0131k Asans\u00f6r\",\"isPartOf\":{\"@id\":\"https:\/\/primeasansorkiralama.com\/#website\"},\"primaryImageOfPage\":{\"@id\":\"https:\/\/primeasansorkiralama.com\/index.php\/manisa-kiralik-asansor\/#primaryimage\"},\"image\":{\"@id\":\"https:\/\/primeasansorkiralama.com\/index.php\/manisa-kiralik-asansor\/#primaryimage\"},\"thumbnailUrl\":\"https:\/\/primeasansorkiralama.com\/wp-content\/uploads\/2025\/09\/1.png\",\"datePublished\":\"2025-09-04T21:53:27+00:00\",\"dateModified\":\"2025-09-04T22:04:57+00:00\",\"breadcrumb\":{\"@id\":\"https:\/\/primeasansorkiralama.com\/index.php\/manisa-kiralik-asansor\/#breadcrumb\"},\"inLanguage\":\"tr\",\"potentialAction\":[{\"@type\":\"ReadAction\",\"target\":[\"https:\/\/primeasansorkiralama.com\/index.php\/manisa-kiralik-asansor\/\"]}]},{\"@type\":\"ImageObject\",\"inLanguage\":\"tr\",\"@id\":\"https:\/\/primeasansorkiralama.com\/index.php\/manisa-kiralik-asansor\/#primaryimage\",\"url\":\"https:\/\/primeasansorkiralama.com\/wp-content\/uploads\/2025\/09\/1.png\",\"contentUrl\":\"https:\/\/primeasansorkiralama.com\/wp-content\/uploads\/2025\/09\/1.png\",\"width\":600,\"height\":330},{\"@type\":\"BreadcrumbList\",\"@id\":\"https:\/\/primeasansorkiralama.com\/index.php\/manisa-kiralik-asansor\/#breadcrumb\",\"itemListElement\":[{\"@type\":\"ListItem\",\"position\":1,\"name\":\"Anasayfa\",\"item\":\"https:\/\/primeasansorkiralama.com\/\"},{\"@type\":\"ListItem\",\"position\":2,\"name\":\"MAN\u0130SA K\u0130RALIK ASANS\u00d6R\"}]},{\"@type\":\"WebSite\",\"@id\":\"https:\/\/primeasansorkiralama.com\/#website\",\"url\":\"https:\/\/primeasansorkiralama.com\/\",\"name\":\"Manisa Prime Kiral\u0131k Asans\u00f6r\",\"description\":\"0531 564 10 79 \u260e\ufe0f Aray\u0131n\",\"publisher\":{\"@id\":\"https:\/\/primeasansorkiralama.com\/#organization\"},\"potentialAction\":[{\"@type\":\"SearchAction\",\"target\":{\"@type\":\"EntryPoint\",\"urlTemplate\":\"https:\/\/primeasansorkiralama.com\/?s={search_term_string}\"},\"query-input\":{\"@type\":\"PropertyValueSpecification\",\"valueRequired\":true,\"valueName\":\"search_term_string\"}}],\"inLanguage\":\"tr\"},{\"@type\":\"Organization\",\"@id\":\"https:\/\/primeasansorkiralama.com\/#organization\",\"name\":\"Manisa Prime Kiral\u0131k Asans\u00f6r\",\"url\":\"https:\/\/primeasansorkiralama.com\/\",\"logo\":{\"@type\":\"ImageObject\",\"inLanguage\":\"tr\",\"@id\":\"https:\/\/primeasansorkiralama.com\/#\/schema\/logo\/image\/\",\"url\":\"https:\/\/primeasansorkiralama.com\/wp-content\/uploads\/2025\/09\/logo-p.png\",\"contentUrl\":\"https:\/\/primeasansorkiralama.com\/wp-content\/uploads\/2025\/09\/logo-p.png\",\"width\":327,\"height\":115,\"caption\":\"Manisa Prime Kiral\u0131k Asans\u00f6r\"},\"image\":{\"@id\":\"https:\/\/primeasansorkiralama.com\/#\/schema\/logo\/image\/\"}}]}<\/script>\n<!-- \/ Yoast SEO plugin. -->","yoast_head_json":{"title":"MAN\u0130SA K\u0130RALIK ASANS\u00d6R - Manisa Prime Kiral\u0131k Asans\u00f6r","robots":{"index":"index","follow":"follow","max-snippet":"max-snippet:-1","max-image-preview":"max-image-preview:large","max-video-preview":"max-video-preview:-1"},"canonical":"https:\/\/primeasansorkiralama.com\/index.php\/manisa-kiralik-asansor\/","og_locale":"tr_TR","og_type":"article","og_title":"MAN\u0130SA K\u0130RALIK ASANS\u00d6R - Manisa Prime Kiral\u0131k Asans\u00f6r","og_description":"Manisa\u2019da G\u00fcvenli ve H\u0131zl\u0131 Ta\u015f\u0131mac\u0131l\u0131k \u0130\u00e7in Kiral\u0131k Asans\u00f6r \u00c7\u00f6z\u00fcmleri Ta\u015f\u0131nmak \u00e7o\u011fu zaman stresli ve yorucu bir s\u00fcre\u00e7tir. \u00d6zellikle y\u00fcksek katl\u0131 binalarda oturuyorsan\u0131z, e\u015fyalar\u0131n zarar g\u00f6rmeden indirilip ta\u015f\u0131nmas\u0131 b\u00fcy\u00fck bir problem haline gelebilir. \u0130\u015fte tam da bu noktada, Manisa kiral\u0131k asans\u00f6r","og_url":"https:\/\/primeasansorkiralama.com\/index.php\/manisa-kiralik-asansor\/","og_site_name":"Manisa Prime Kiral\u0131k Asans\u00f6r","article_modified_time":"2025-09-04T22:04:57+00:00","og_image":[{"width":600,"height":330,"url":"https:\/\/primeasansorkiralama.com\/wp-content\/uploads\/2025\/09\/1.png","type":"image\/png"}],"twitter_card":"summary_large_image","twitter_misc":{"Tahmini okuma s\u00fcresi":"4 dakika"},"schema":{"@context":"https:\/\/schema.org","@graph":[{"@type":"WebPage","@id":"https:\/\/primeasansorkiralama.com\/index.php\/manisa-kiralik-asansor\/","url":"https:\/\/primeasansorkiralama.com\/index.php\/manisa-kiralik-asansor\/","name":"MAN\u0130SA K\u0130RALIK ASANS\u00d6R - Manisa Prime Kiral\u0131k Asans\u00f6r","isPartOf":{"@id":"https:\/\/primeasansorkiralama.com\/#website"},"primaryImageOfPage":{"@id":"https:\/\/primeasansorkiralama.com\/index.php\/manisa-kiralik-asansor\/#primaryimage"},"image":{"@id":"https:\/\/primeasansorkiralama.com\/index.php\/manisa-kiralik-asansor\/#primaryimage"},"thumbnailUrl":"https:\/\/primeasansorkiralama.com\/wp-content\/uploads\/2025\/09\/1.png","datePublished":"2025-09-04T21:53:27+00:00","dateModified":"2025-09-04T22:04:57+00:00","breadcrumb":{"@id":"https:\/\/primeasansorkiralama.com\/index.php\/manisa-kiralik-asansor\/#breadcrumb"},"inLanguage":"tr","potentialAction":[{"@type":"ReadAction","target":["https:\/\/primeasansorkiralama.com\/index.php\/manisa-kiralik-asansor\/"]}]},{"@type":"ImageObject","inLanguage":"tr","@id":"https:\/\/primeasansorkiralama.com\/index.php\/manisa-kiralik-asansor\/#primaryimage","url":"https:\/\/primeasansorkiralama.com\/wp-content\/uploads\/2025\/09\/1.png","contentUrl":"https:\/\/primeasansorkiralama.com\/wp-content\/uploads\/2025\/09\/1.png","width":600,"height":330},{"@type":"BreadcrumbList","@id":"https:\/\/primeasansorkiralama.com\/index.php\/manisa-kiralik-asansor\/#breadcrumb","itemListElement":[{"@type":"ListItem","position":1,"name":"Anasayfa","item":"https:\/\/primeasansorkiralama.com\/"},{"@type":"ListItem","position":2,"name":"MAN\u0130SA K\u0130RALIK ASANS\u00d6R"}]},{"@type":"WebSite","@id":"https:\/\/primeasansorkiralama.com\/#website","url":"https:\/\/primeasansorkiralama.com\/","name":"Manisa Prime Kiral\u0131k Asans\u00f6r","description":"0531 564 10 79 \u260e\ufe0f Aray\u0131n","publisher":{"@id":"https:\/\/primeasansorkiralama.com\/#organization"},"potentialAction":[{"@type":"SearchAction","target":{"@type":"EntryPoint","urlTemplate":"https:\/\/primeasansorkiralama.com\/?s={search_term_string}"},"query-input":{"@type":"PropertyValueSpecification","valueRequired":true,"valueName":"search_term_string"}}],"inLanguage":"tr"},{"@type":"Organization","@id":"https:\/\/primeasansorkiralama.com\/#organization","name":"Manisa Prime Kiral\u0131k Asans\u00f6r","url":"https:\/\/primeasansorkiralama.com\/","logo":{"@type":"ImageObject","inLanguage":"tr","@id":"https:\/\/primeasansorkiralama.com\/#\/schema\/logo\/image\/","url":"https:\/\/primeasansorkiralama.com\/wp-content\/uploads\/2025\/09\/logo-p.png","contentUrl":"https:\/\/primeasansorkiralama.com\/wp-content\/uploads\/2025\/09\/logo-p.png","width":327,"height":115,"caption":"Manisa Prime Kiral\u0131k Asans\u00f6r"},"image":{"@id":"https:\/\/primeasansorkiralama.com\/#\/schema\/logo\/image\/"}}]}},"_links":{"self":[{"href":"https:\/\/primeasansorkiralama.com\/index.php\/wp-json\/wp\/v2\/pages\/590","targetHints":{"allow":["GET"]}}],"collection":[{"href":"https:\/\/primeasansorkiralama.com\/index.php\/wp-json\/wp\/v2\/pages"}],"about":[{"href":"https:\/\/primeasansorkiralama.com\/index.php\/wp-json\/wp\/v2\/types\/page"}],"author":[{"embeddable":true,"href":"https:\/\/primeasansorkiralama.com\/index.php\/wp-json\/wp\/v2\/users\/1"}],"replies":[{"embeddable":true,"href":"https:\/\/primeasansorkiralama.com\/index.php\/wp-json\/wp\/v2\/comments?post=590"}],"version-history":[{"count":3,"href":"https:\/\/primeasansorkiralama.com\/index.php\/wp-json\/wp\/v2\/pages\/590\/revisions"}],"predecessor-version":[{"id":605,"href":"https:\/\/primeasansorkiralama.com\/index.php\/wp-json\/wp\/v2\/pages\/590\/revisions\/605"}],"wp:featuredmedia":[{"embeddable":true,"href":"https:\/\/primeasansorkiralama.com\/index.php\/wp-json\/wp\/v2\/media\/592"}],"wp:attachment":[{"href":"https:\/\/primeasansorkiralama.com\/index.php\/wp-json\/wp\/v2\/media?parent=590"}],"curies":[{"name":"wp","href":"https:\/\/api.w.org\/{rel}","templated":true}]}}